he units digit of 720868?
8
What is the ten millions digit of 1034780850?
3
What is the thousands digit of 162285310?
5
What is the tens digit of 789304165?
6
What is the tens digit of 11402741?
4
What is the hundreds digit of 93011490?
4
What is the millions digit of 684952675?
4
What is the ten thousands digit of 131987965?
8
What is the hundred thousands digit of 2206691461?
6
What is the thousands digit of 291761067?
1
What is the ten thousands digit of 6960146?
6
What is the tens digit of 465392720?
2
What is the millions digit of 860176490?
0
What is the units digit of 237727747?
7
What is the hundred millions digit of 2985446560?
9
What is the ten thousands digit of 29248388?
4
What is the millions digit of 5985734009?
5
What is the ten millions digit of 279436588?
7
What is the units digit of 12762026?
6
What is the millions digit of 2179964?
2
What is the units digit of 593805031?
1
What is the millions digit of 149532599?
9
What is the millions digit of 4440745693?
0
What is the ten thousands digit of 8258364?
5
What is the thousands digit of 20768477?
8
What is the hundreds digit of 516862823?
8
What is the hundred thousands digit of 6586369?
5
What is the thousands digit of 17976176?
6
What is the thousands digit of 227653629?
3
What is the millions digit of 3935785?
3
What is the thousands digit of 180580592?
0
What is the units digit of 43239668?
8
What is the hundreds digit of 435045208?
2
What is the hundred thousands digit of 139679243?
6
What is the tens digit of 2956941813?
1
What is the units digit of 80654358?
8
What is the ten thousands digit of 56211425?
1
What is the hundreds digit of 238266675?
6
What is the billions digit of 2111679624?
2
What is the millions digit of 581171195?
1
What is the hundreds digit of 63672270?
2
What is the millions digit of 1605161843?
5
What is the hundred thousands digit of 700934760?
9
What is the tens digit of 150266281?
8
What is the hundreds digit of 369030?
0
What is the millions digit of 38053796?
8
What is the hundreds digit of 3272538070?
0
What is the ten millions digit of 1220875613?
2
What is the hundred thousands digit of 140292172?
2
What is the ten millions digit of 1343492502?
4
What is the hundreds digit of 54385722?
7
What is the tens digit of 2490213272?
7
What is the tens digit of 3999017453?
5
What is the ten thousands digit of 134771128?
7
What is the units digit of 3087037131?
1
What is the ten thousands digit of 20261529?
6
What is the millions digit of 421351922?
1
What is the hundred millions digit of 973244729?
9
What is the hundreds digit of 435851130?
1
What is the ten millions digit of 167676139?
6
What is the ten millions digit of 30380316?
3
What is the thousands digit of 480778192?
8
What is the hundreds digit of 68461283?
2
What is the ten millions digit of 684999759?
8
What is the millions digit of 878799048?
8
What is the tens digit of 68892459?
5
What is the millions digit of 16350012?
6
What is the ten millions digit of 557254570?
5
What is the ten millions digit of 4385663289?
8
What is the ten thousands digit of 137411238?
1
What is the tens digit of 314812932?
3
What is the hundreds digit of 291812492?
4
What is the units digit of 435270988?
8
What is the billions digit of 1149653775?
1
What is the hundred millions digit of 268261095?
2
What is the ten millions digit of 330952875?
3
What is the units digit of 4965632?
2
What is the ten thousands digit of 277097957?
9
What is the ten thousands digit of 35538399?
3
What is the hundreds digit of 575566082?
0
What is the thousands digit of 36223517?
3
What is the hundred millions digit of 327460971?
3
What is the ten thousands digit of 61843392?
4
What is the ten thousands digit of 3553014537?
1
What is the units digit of 142481931?
1
What is the hundreds digit of 66479669?
6
What is the thousands digit of 33726993?
6
What is the thousands digit of 2496393320?
3
What is the hundreds digit of 129896978?
9
What is the millions digit of 691167216?
1
What is the hundreds digit of 201793218?
2
What is the units digit of 57367626?
6
What is the tens digit of 148880826?
2
What is the hundred thousands digit of 6454670206?
6
What is the tens digit of 544635433?
3
What is the hundred millions digit of 226501443?
2
What is the tens digit of 50307708?
0
What is the hundred thousands digit of 1312156571?
1
What is the millions digit of 25784795?
5
What is the tens digit of 301539437?
3
What is the millions digit of 271705833?
1
What is the ten millions digit of 325967164?
2
What is the millions digit of 232433522?
2
What is the thousands digit of 35424480?
4
What is the hundreds digit of 1336567669?
6
What is the thousands digit of 151265138?
5
What is the tens digit of 959724869?
6
What is the units digit of 3107816613?
3
What is the tens digit of 13129273?
7
What is the hundred millions digit of 1677685791?
6
What is the millions digit of 1405251443?
5
What is the units digit of 4218398901?
1
What is the hundred thousands digit of 76174209?
1
What is the hundred millions digit of 443505229?
4
What is the units digit of 347872627?
7
What is the ten thousands digit of 177509529?
0
What is the millions digit of 12407969?
2
What is the ten thousands digit of 195099178?
9
What is the hundred thousands digit of 31231255?
2
What is the hundred thousands digit of 54903713?
9
What is the units digit of 5897567101?
1
What is the ten millions digit of 318063579?
1
What is the hundred millions digit of 1741959234?
7
What is the millions digit of 312327961?
2
What is the thousands digit of 155793143?
3
What is the thousands digit of 141357047?
7
What is the millions digit of 849485473?
9
What is the units digit of 3064367186?
6
What is the millions digit of 125845035?
5
What is the units digit of 2426844276?
6
What is the hundred thousands digit of 213590331?
5
What is the millions digit of 209477585?
9
What is the millions digit of 70970897?
0
What is the thousands digit of 26867536?
7
What is the ten millions digit of 317279465?
1
What is the thousands digit of 348783272?
3
What is the hundred thousands digit of 95605251?
6
What is the thousands digit of 890646210?
6
What is the hundred thousands digit of 780415634?
4
What is the units digit of 52567819?
9
What is the thousands digit of 2072766125?
6
What is the tens digit of 11877151?
5
What is the hundred thousands digit of 49534028?
5
What is the hundred thousands digit of 1151932653?
9
What is the hundreds digit of 513604493?
4
What is the ten thousands digit of 291853767?
5
What is the hundred thousands digit of 300676519?
6
What is the billions digit of 2001586270?
2
What is the tens digit of 90292579?
7
What is the hundred millions digit of 191562854?
1
What is the tens digit of 1217844452?
5
What is the hundred millions digit of 329601931?
3
What is the hundred millions digit of 223664656?
2
What is the millions digit of 2644549659?
4
What is the ten millions digit of 131745031?
3
What is the hundred millions digit of 1412072645?
4
What is the billions digit of 1865076443?
1
What is the hundreds digit of 30411909?
9
What is the millions digit of 69150116?
9
What is the thousands digit of 213006585?
6
What is the tens digit of 42471102?
0
What is the units digit of 734182519?
9
What is the thousands digit of 1774982776?
2
What is the millions digit of 66329865?
6
What is the units digit of 322200467?
7
What is the hundred thousands digit of 2366879334?
8
What is the hundreds digit of 38828608?
6
What is the hundred millions digit of 652901747?
6
What is the hundred millions digit of 122446112?
1
What is the tens digit of 54476792?
9
What is the ten millions digit of 47190637?
4
What is the billions digit of 1812048186?
1
What is the hundred thousands digit of 1258444221?
4
What is the thousands digit of 10787427?
7
What is the tens digit of 771873239?
3
What is the ten millions digit of 13501720?
1
What is the millions digit of 46720552?
6
What is the hundred millions digit of 2324066930?
3
What is the hundreds digit of 1631314430?
4
What is the hundreds digit of 6412296?
2
What is the tens digit of 1168443592?
9
What is the thousands digit of 52197656?
7
What is the ten millions digit of 433987550?
3
What is the units digit of 1251764971?
1
What is the millions